pose 7*r = 2*r + 3*h + 56, 44 = 4*r - 2*h. Let k(d) = -d**3 - d**2 - 2*d + 4. Calculate the remainder when k(-3) is divided by r.
8
Suppose 33*a - 38*a = -170. Suppose -31*w - 63 = -a*w. What is the remainder when 39 is divided by w?
18
Let i(z) = z**2 - 13*z. Let n be i(13). Suppose 124 = 5*m - 4*r, 4*m + n*m + 2*r - 94 = 0. Calculate the remainder when 71 is divided by m.
23
Suppose -5*p + 108 = 4*z, -9 - 11 = -5*p. Suppose 0 = 3*u - 5*u. Calculate the remainder when z is divided by (-1 + u)/((-3)/18).
4
Suppose x - 33 = -2. Calculate the remainder when x is divided by 8.
7
Suppose 6 = -2*n, -3*n + 29 = s - 4*n. Calculate the remainder when 64 is divided by s.
12
Let k = -93 - -23. What is the remainder when (-3)/(2 + 142/k) is divided by -2*(-462)/28 + 3?
33
Let k = -919 + 936. What is the remainder when 319 is divided by k?
13
Let r(j) = -j + 34. Let o = 1 - -5. What is the remainder when r(7) is divided by o?
3
Calculate the remainder when 477 is divided by 2 + ((-240)/(-8) - -8).
37
Let h = 18 + 4. Calculate the remainder when h is divided by ((-10)/25*-4)/(2/5).
2
Let s = 2 + -89. Let z = s - -140. Calculate the remainder when z is divided by 20.
13
What is the remainder when 194 is divided by 2/(-8) - (2421/12)/(-3)?
60
Let a be (-2)/6 - 20/12. Suppose 5*x - 19 = 21. Let h = x + a. Calculate the remainder when 9 is divided by h.
3
What is the remainder when 185 is divided by 20 + -22 + 24 + 2?
17
Suppose -5*t - 5*l - 45 = 0, 6*t - 2*l = 4*t - 14. Calculate the remainder when 111 is divided by 513/18*t/(-6).
35
Suppose -2*b + 7*b = 15. Suppose 504 = 5*g - b*d, -3*d + 449 = 4*g + 62. What is the remainder when g is divided by 25?
24
Let i(c) = 58*c - 2. Let o be i(1). Suppose 3*y + 2*y = -4*n + o, -2*n = 5*y - 28. Calculate the remainder when 41 is divided by n.
13
Let b(s) = 47*s**3 + 3*s**2 - s - 1. Let l be b(1). Suppose 3*q = j - l, -q = -j + q + 44. Calculate the remainder when j is divided by 19.
17
Suppose -29 = 248*n - 249*n. Let x(v) = -54*v**3 + v**2 + v + 1. What is the remainder when x(-1) is divided by n?
26
Let k be 448/6 - 10/15. What is the remainder when -2*k*(-1)/4 is divided by 13?
11
Calculate the remainder when 53 is divided by (10/(-15))/(2 + (-88)/42).
4
Let p(o) = -o**2 + 13*o + 16. Calculate the remainder when 68 is divided by p(5).
12
Suppose -35*q = -40*q + 60. Calculate the remainder when 2037 is divided by q.
9
Calculate the remainder when 102 is divided by 25/(-5) - (40/(-8) - 53).
49
Suppose 10 = l - 5*k, -l = -k + 2*k - 22. Suppose 7*c = -133 + 826. What is the remainder when c is divided by l?
19
Let x(m) = 63*m**3 + 2*m - 1. Suppose 3*q - 65 = 3*v + 16, -4*q = -5*v - 113. Calculate the remainder when x(1) is divided by q.
20
Let z(y) = -5*y + 1. Let p be z(4). Let k = 35 + p. Calculate the remainder when k is divided by (-20)/12*(-54)/15.
4
Suppose -2*u - 4*w + 27 = 5, 5*u - 3 = 3*w. Calculate the remainder when 12 is divided by u.
0
Let n be (10 - 6)/(-1 + -1). Let y = n - -10. Suppose -3*b = -y*b + 60. Calculate the remainder when 34 is divided by b.
10
Let b = -4 + 25. Suppose -22*w + b*w = -6. Calculate the remainder when 3 is divided by (3/w)/((-1)/(-2)).
0
Calculate the remainder when 83 is divided by (-1068)/(-36) - 8/12.
25
Let l(f) = -f**3 - 5*f**2 + 3. Let u be l(-5). Suppose -u = -b + 8. What is the remainder when b is divided by 7?
4
What is the remainder when (-8 - 0) + 2 - 572/(-11) is divided by 3?
1
Suppose g = -2*v - 87, -3*v + 0*v = 4*g + 133. Let i = v - -71. What is the remainder when 79 is divided by i?
23
Let z(i) = i**2 + 9*i - 308. Calculate the remainder when (4/2)/((-6)/(-75)) is divided by z(-23).
11
Let n be (-3 - 1)/((-2)/11). Suppose 4*y - n = -3*d, 3*d - 3*y + 2 = -2*d. Suppose -d*v = -7*v + 15. Calculate the remainder when 11 is divided by v.
2
Let t = -235 + 255. What is the remainder when 398 is divided by t?
18
Let x(m) = m**3 - 5*m**2 + 4*m + 8. Let f be x(5). Let a = 38 - f. What is the remainder when 39 is divided by a?
9
Let d be -17 - ((1 - -3) + 0). Let u = d - -25. Suppose u - 25 = -3*f. What is the remainder when 20 is divided by f?
6
Let z = -1 + 2. Let a be (z - (1 + 1))*-5. Suppose -a*t + 2*g + 20 + 12 = 0, 4 = 3*t - 5*g. What is the remainder when 37 is divided by t?
5
Let j(z) = z**2 + 14*z + 81. What is the remainder when j(-19) is divided by 61?
54
Suppose 10*w - 6*w = 356. Let y = w + -66. Calculate the remainder when 89 is divided by y.
20
Let a(q) = -3*q**2 - 56*q + 21. Calculate the remainder when a(-18) is divided by 20.
17
Let u = 71 - 42. Suppose 398*f = 436*f - 3078. What is the remainder when f is divided by u?
23
What is the remainder when (-611)/((14/(-7))/2) + -3 is divided by 10?
8
Suppose 0 = -12*h + 986 + 142. What is the remainder when h is divided by 17?
9
Let g = 1811 - 1670. What is the remainder when 446 is divided by g?
23
Suppose 4*j + 19 - 47 = 0. Suppose 2*k = j*k - 505. What is the remainder when k is divided by 51/2 - (-3)/6?
23
Let g(w) = -w**2 - 4*w + 8. Let h(m) = m**2 + 3*m - 9. Let k(a) = 5*g(a) + 6*h(a). Suppose 32 - 8 = 4*b. Calculate the remainder when k(7) is divided by b.
3
Let s(y) = -36*y + 11. Let v be s(-5). What is the remainder when v/5 + 1/(-5) is divided by 13?
12
Suppose 5*i - i + 731 = 5*r, 593 = 4*r + 5*i. Calculate the remainder when r is divided by 37.
36
Let y = 1806 + -1770. Calculate the remainder when 86 is divided by y.
14
Let b(v) = v**3 + 35*v**2 + 20*v - 69. Calculate the remainder when b(-34) is divided by 51.
50
Suppose 0 = -10*o + 8*o + 14. Suppose -23 - o = -3*z. What is the remainder when z is divided by 3?
1
Suppose 0 = -5*g + 85 + 15. What is the remainder when 4/14 + (-13820)/(-140) is divided by g?
19
Suppose -20 = -5*b + 30. Suppose -c = 2*y, 11 = 3*c - 6*y + y. What is the remainder when (-182)/(-8)*c - 6/(-4) is divided by b?
7
Let o = 14 - 2. Suppose 15*j - 10*j = 75. Let y = o + j. What is the remainder when y is divided by 6?
3
Let k = 51 + 44. Calculate the remainder when k is divided by (1 - 0)/1*(14 - 2).
11
Let q = 39 + 111. Suppose 4*s - 5*g - 165 = 0, 4*g = -5*s - g + q. Calculate the remainder when s is divided by 18.
17
Let q(x) = -22*x**2 - 2*x - 4. Let k be q(3). Calculate the remainder when 18 is divided by 6/4*(k/(-3))/8.
5
Let w be -1*(2 - 5) - 2 - 6. Suppose -3*o + 0 = -12. Calculate the remainder when -1 + 1 + 0 - w is divided by o.
1
Let c = -36 - -42. Suppose 21 = 9*f - c*f. Calculate the remainder when 25 is divided by f.
4
Suppose 28*s - 255 = 11*s. Let a be 0/(0 + -1) + 9. Suppose -2*n + s = -a. Calculate the remainder when 35 is divided by n.
11
Suppose 3*r = -6, -t + 0*r + 12 = r. Let x = -202 - -231. What is the remainder when t is divided by (3*-1)/(28 - x)?
2
What is the remainder when 65 is divided by (((-54)/4)/3)/(7/(-14))?
2
Let i = -247 + 270. Suppose 24 = j + 2*y, -6*j + j = -y - 87. What is the remainder when i is divided by j?
5
Suppose -i - 9 = -30. Suppose q + 4 = 0, 5*d + q - i = -0*d. Suppose -9 = -d*h + 4*h. What is the remainder when 16 is divided by h?
7
Let x be -2*(-4)/(-8) + 4. Suppose -5*t - 3*h + 87 = 0, 0 = -x*t + 4*t - h - 11. Calculate the remainder when t is divided by 4.
3
Suppose -4*s = -2*s + 4*c - 24, s - 8 = -4*c. Suppose l - 9 - 9 = -4*i, 0 = 3*i + 2*l - s. Suppose 44 + 13 = 3*g. What is the remainder when g is divided by i?
3
Let v = 8 - 10. Calculate the remainder when (-118)/(-4) + 42/28 is divided by 8/v*6/(-3).
7
Suppose 0*w + 4*y = 3*w - 15, -5*w = 3*y - 54. Suppose 0 = -5*r + w + 81. Let b = -3 + 8. What is the remainder when r is divided by b?
3
Suppose k = 4*s + 197, -10*k + 11*k - s = 182. Calculate the remainder when k is divided by 39.
21
Suppose 5*q - 8*i + 5*i - 266 = 0, -2*q + 110 = -3*i. Calculate the remainder when 134 is divided by q.
30
Suppose 3*x = 11*x + 152. Let b = x - -20. What is the remainder when 3 is divided by b?
0
Let s be (5/(-3))/((-5)/6) + 2. Calculate the remainder when 56 is divided by (s - (-212)/20) + (-4)/(-10).
11
Let t(d) = -d**3 - 4*d**2 + 2*d + 10. Let l be t(-5). Let a = l + -21. Calculate the remainder when 7 is divided by a.
3
Let u(b) = -b**3 + 12*b**2 - 8*b - 16. What is the remainder when 1528 is divided by u(11)?
15
Suppose -3048 = -81*j + 73*j. What is the remainder when j is